t the prime factors of 6983.
6983
List the prime factors of 165020.
2, 5, 37, 223
List the prime factors of 79.
79
What are the prime factors of 349?
349
List the prime factors of 5008.
2, 313
List the prime factors of 6368.
2, 199
What are the prime factors of 830?
2, 5, 83
What are the prime factors of 5471?
5471
What are the prime factors of 11801?
11801
What are the prime factors of 20262?
2, 3, 11, 307
List the prime factors of 2341.
2341
List the prime factors of 15502.
2, 23, 337
List the prime factors of 1993.
1993
What are the prime factors of 16548?
2, 3, 7, 197
What are the prime factors of 2467?
2467
What are the prime factors of 4465?
5, 19, 47
List the prime factors of 129962.
2, 7, 9283
What are the prime factors of 417?
3, 139
What are the prime factors of 21545?
5, 31, 139
List the prime factors of 7226.
2, 3613
List the prime factors of 252.
2, 3, 7
What are the prime factors of 6468?
2, 3, 7, 11
List the prime factors of 477.
3, 53
List the prime factors of 723.
3, 241
List the prime factors of 8840.
2, 5, 13, 17
List the prime factors of 13001.
13001
What are the prime factors of 12847?
29, 443
What are the prime factors of 5851?
5851
What are the prime factors of 3789?
3, 421
List the prime factors of 21409.
79, 271
What are the prime factors of 609?
3, 7, 29
List the prime factors of 15845.
5, 3169
List the prime factors of 5520.
2, 3, 5, 23
What are the prime factors of 4162?
2, 2081
What are the prime factors of 3990?
2, 3, 5, 7, 19
What are the prime factors of 13980?
2, 3, 5, 233
What are the prime factors of 1273?
19, 67
What are the prime factors of 1301?
1301
What are the prime factors of 3179?
11, 17
What are the prime factors of 443?
443
List the prime factors of 247.
13, 19
List the prime factors of 2309.
2309
List the prime factors of 34976.
2, 1093
List the prime factors of 7169.
67, 107
What are the prime factors of 25415?
5, 13, 17, 23
List the prime factors of 508.
2, 127
What are the prime factors of 85675?
5, 23, 149
What are the prime factors of 4717?
53, 89
List the prime factors of 14291.
31, 461
What are the prime factors of 1935?
3, 5, 43
List the prime factors of 739.
739
List the prime factors of 1520.
2, 5, 19
What are the prime factors of 5525?
5, 13, 17
What are the prime factors of 2379?
3, 13, 61
List the prime factors of 3053.
43, 71
List the prime factors of 13828.
2, 3457
What are the prime factors of 16886?
2, 8443
List the prime factors of 130332.
2, 3, 10861
What are the prime factors of 1504?
2, 47
List the prime factors of 6999.
3, 2333
List the prime factors of 2877.
3, 7, 137
List the prime factors of 4095.
3, 5, 7, 13
List the prime factors of 487.
487
List the prime factors of 274.
2, 137
What are the prime factors of 4888?
2, 13, 47
List the prime factors of 15886.
2, 13, 47
What are the prime factors of 7969?
13, 613
What are the prime factors of 59102?
2, 29, 1019
List the prime factors of 12652.
2, 3163
List the prime factors of 2699.
2699
What are the prime factors of 5518?
2, 31, 89
List the prime factors of 7986.
2, 3, 11
List the prime factors of 1337.
7, 191
What are the prime factors of 3336?
2, 3, 139
What are the prime factors of 7477?
7477
What are the prime factors of 4695?
3, 5, 313
List the prime factors of 1973.
1973
What are the prime factors of 148117?
73, 2029
List the prime factors of 2407.
29, 83
What are the prime factors of 498?
2, 3, 83
List the prime factors of 44255.
5, 53, 167
What are the prime factors of 283?
283
What are the prime factors of 278?
2, 139
What are the prime factors of 4441?
4441
List the prime factors of 319.
11, 29
What are the prime factors of 76?
2, 19
List the prime factors of 2855.
5, 571
List the prime factors of 2685.
3, 5, 179
What are the prime factors of 34809?
3, 41, 283
List the prime factors of 24793.
24793
List the prime factors of 40304.
2, 11, 229
List the prime factors of 1437.
3, 479
What are the prime factors of 97233?
3, 32411
What are the prime factors of 1862?
2, 7, 19
What are the prime factors of 16918?
2, 11, 769
What are the prime factors of 6401?
37, 173
List the prime factors of 34292.
2, 8573
What are the prime factors of 2884?
2, 7, 103
List the prime factors of 1701.
3, 7
What are the prime factors of 35298?
2, 3, 37, 53
List the prime factors of 1575.
3, 5, 7
What are the prime factors of 4286?
2, 2143
What are the prime factors of 33758?
2, 16879
What are the prime factors of 60017?
60017
What are the prime factors of 7689?
3, 11, 233
List the prime factors of 85711.
85711
What are the prime factors of 136?
2, 17
List the prime factors of 485.
5, 97
List the prime factors of 159764.
2, 11, 3631
What are the prime factors of 33134?
2, 16567
List the prime factors of 5881.
5881
What are the prime factors of 1664?
2, 13
List the prime factors of 843.
3, 281
What are the prime factors of 69987?
3, 41, 569
What are the prime factors of 6126?
2, 3, 1021
What are the prime factors of 3693?
3, 1231
List the prime factors of 11080.
2, 5, 277
List the prime factors of 7372.
2, 19, 97
List the prime factors of 1523.
1523
What are the prime factors of 2272?
2, 71
What are the prime factors of 7989?
3, 2663
List the prime factors of 1039.
1039
What are the prime factors of 251?
251
What are the prime factors of 23061?
3, 7687
List the prime factors of 16308.
2, 3, 151
What are the prime factors of 2451?
3, 19, 43
List the prime factors of 20013.
3, 7, 953
What are the prime factors of 2025?
3, 5
List the prime factors of 5468.
2, 1367
What are the prime factors of 1063?
1063
What are the prime factors of 11645?
5, 17, 137
What are the prime factors of 4696?
2, 587
List the prime factors of 19913.
19913
List the prime factors of 954.
2, 3, 53
List the prime factors of 9410.
2, 5, 941
List the prime factors of 2104.
2, 263
What are the prime factors of 1957?
19, 103
List the prime factors of 74568.
2, 3, 13, 239
What are the prime factors of 9835?
5, 7, 281
List the prime factors of 14725.
5, 19, 31
List the prime factors of 18391.
53, 347
What are the prime factors of 11503?
11503
List the prime factors of 1959.
3, 653
List the prime factors of 1877.
1877
List the prime factors of 8597.
8597
What are the prime factors of 7699?
7699
List the prime factors of 9467.
9467
What are the prime factors of 1169?
7, 167
What are the prime factors of 5897?
5897
List the prime factors of 7460.
2, 5, 373
List the prime factors of 19893.
3, 19, 349
List the prime factors of 771.
3, 257
What are the prime factors of 5218?
2, 2609
What are the prime factors of 12609?
3, 467
What are the prime factors of 825?
3, 5, 11
What are the prime factors of 787?
787
List the prime factors of 28391.
11, 29, 89
List the prime factors of 48562.
2, 24281
List the prime factors of 2401.
7
What are the prime factors of 403?
13, 31
List the prime factors of 1674.
2, 3, 31
What are the prime factors of 59562?
2, 3, 1103
List the prime factors of 4117.
23, 179
List the prime factors of 2937.
3, 11, 89
What are the prime factors of 2003?
2003
List the prime factors of 36691.
36691
List the prime factors of 987.
3, 7, 47
List the prime factors of 50745.
3, 5, 17, 199
What are the prime factors of 1752?
2, 3, 73
What are the prime factors of 171081?
3, 19009
List the prime factors of 80238.
2, 3, 43, 311
What are the prime factors of 98341?
43, 2287
List the prime factors of 4284.
2, 3, 7, 17
List the prime factors of 29157.
3, 9719
List the prime factors of 10195.
5, 2039
List the prime factors of 14215.
5, 2843
What are the prime factors of 1072?
2, 67
List the prime factors of 12105.
3, 5, 269
What are the prime factors of 22379?
7, 23, 139
List the prime factors of 5285.
5, 7, 151
What are the prime factors of 989?
23, 43
What are the prime factors of 11467?
11467
What are the prime factors of 1271?
31, 41
List the prime factors of 30001.
19, 1579
What are the prime factors of 15097?
31, 487
List the prime factors of 11183.
53, 211
List the prime factors of 2011.
2011
List the prime factors of 1458.
2, 3
List the prime factors of 116590.
2, 5, 89, 131
List the prime factors of 16222.
2, 8111
What are the prime factors of 1110?
2, 3, 5, 37
What are the prime factors of 18982?
2, 9491
List the prime factors of 709.
709
List the prime factors of 6255